{"id":522,"date":"2009-06-12T11:31:45","date_gmt":"2009-06-12T10:31:45","guid":{"rendered":"http:\/\/tolkien.cz\/?page_id=522"},"modified":"2016-08-18T14:04:07","modified_gmt":"2016-08-18T13:04:07","slug":"jrrtolkien-zivot-1","status":"publish","type":"page","link":"http:\/\/tolkien.cz\/?page_id=522","title":{"rendered":"J.R.R.TOLKIEN"},"content":{"rendered":"<p><font size=\"4\">\u017dIVOT &#8211; D\u011btstv\u00ed<\/font><br \/>\n<a href=\"?page_id=507\/#obsah\"><i>zp\u011bt na obsah<\/i><\/a><\/p>\n<p>John Ronald Reuel Tolkien se narodil 3. ledna 1892 v Ji\u017en\u00ed Africe ve m\u011bst\u011b Bloemfontein, centru <img decoding=\"async\" src=\"data\/deti.jpg\" align=\"right\">Oran\u017esk\u00e9ho svobodn\u00e9ho st\u00e1tu. Oba rodi\u010de byli sice Angli\u010dan\u00e9, ale svou rodnou zemi opustili, aby za\u010dali nov\u00fd \u017eivot pr\u00e1v\u011b v Africe. V roce 1896 &#8211; tedy kdy\u017e byly Ronaldovi pouh\u00e9 \u010dty\u0159i roky &#8211; vzala matka Mabel sv\u00e9 dva syny na pr\u00e1zdniny do Anglie, aby poznali sv\u00e9 prarodi\u010de. Tam tak\u00e9 obdr\u017eela telegram, \u017ee jej\u00ed man\u017eel mezit\u00edm zem\u0159el. Nyn\u00ed nem\u011bla \u017e\u00e1dn\u00fd d\u016fvod vracet se do Afriky, kde se j\u00ed stejn\u011b p\u0159\u00edli\u0161 nel\u00edbilo, a tak se sv\u00fdmi d\u011btmi z\u016fstala natrvalo v Anglii. Tolkienovi zbylo jen n\u011bkolik nepatrn\u00fdch, ale zato \u017eiv\u00fdch vzpom\u00ednek na Afriku, v\u010detn\u011b d\u011bsiv\u00e9ho setk\u00e1n\u00ed s velik\u00fdm chlupat\u00fdm pavoukem, kter\u00fd vytvo\u0159il p\u0159edobraz pro ob\u0159\u00ed pavouky vyskytuj\u00edc\u00ed se v Tolkienov\u011b imagin\u00e1rn\u00edm sv\u011bt\u011b.<br \/>\nMabel se se sv\u00fdmi dv\u011bma syny nejprve usadila ve v\u00edsce Sarehole. Tolkien \u010dasto tvrdil, \u017ee nej\u0161\u0165astn\u011bj\u0161\u00ed roky jeho \u017eivota byly pr\u00e1v\u011b ty str\u00e1ven\u00e9 zde. Dokonce se \u0159\u00edk\u00e1, \u017ee idylick\u00e1, m\u00edrn\u011b zvln\u011bn\u00e1 zelen\u00e1 vesnick\u00e1 krajina v okol\u00ed Sarehole byla p\u0159edlohou pro imagin\u00e1rn\u00ed Kraj, domov hobit\u016f v knize P\u00e1n prsten\u016f. Jedn\u00edm z nej\u00fa\u017easn\u011bj\u0161\u00edch  m\u00edst pro Ronalda a jeho bratra byl zdej\u0161\u00ed star\u00fd ml\u00fdn. Chlapci str\u00e1vili mnoho dn\u00ed jeho zkoum\u00e1n\u00edm a \u010dastokr\u00e1t byli zahn\u00e1ni mlyn\u00e1\u0159ov\u00fdm synem, kter\u00e9mu p\u0159ezd\u00edvali \u201eB\u00edl\u00fd Obr&#8220;. Mnohem pozd\u011bji, kdy\u017e za\u010dal ml\u00fdn upadat, zalo\u017eil Tolkien fond na jeho z\u00e1chranu. Jako dosp\u011bl\u00fd mu\u017e Tolkien nejednou na\u0159\u00edkal nad ztr\u00e1tou \u201er\u00e1je d\u011btstv\u00ed\u201c, nad z\u00e1sahem civilizace, s jej\u00edmi \u017eeleznicemi, tov\u00e1rnami a motorov\u00fdmi auty, na jeho d\u0159\u00edv\u011bj\u0161\u00edm domov\u011b a na anglick\u00e9m venkov\u011b v\u016fbec.<br \/>\n<img decoding=\"async\" src=\"data\/d2.jpg\" align=\"left\">Mabel za\u010dala sv\u00e9 syny brzy vyu\u010dovat a ti nemohli dostat lep\u0161\u00ed u\u010ditelku &#8211; a ona lep\u0161\u00edho \u017e\u00e1ka ne\u017e Ronalda, kter\u00fd ve \u010dty\u0159ech letech um\u011bl \u010d\u00edst a brzy se nau\u010dil plynule ps\u00e1t. Nau\u010dila ho hodn\u011b o stromech, kter\u00e9 se staly jeho celo\u017eivotn\u00ed l\u00e1skou. Rovn\u011b\u017e v n\u011bm jako prvn\u00ed vzbudila z\u00e1jem o jazyky a povzbuzovala ho, aby se zaj\u00edmal o slova. Matka mu d\u00e1vala tak\u00e9 spoustu poh\u00e1dkov\u00fdch kn\u00ed\u017eek. U\u017e tehdy ho nejv\u00edce nadchla seversk\u00e1 pov\u011bst o Sigurdovi, kter\u00fd zabil draka F\u00e1fnira. \u201eTou\u017eil jsem po drac\u00edch s celou svou \u017e\u00e1dostivost\u00ed\u201c, vypr\u00e1v\u011bl dlouho pot\u00e9. \u201eSamoz\u0159ejm\u011b jsem je ve sv\u00e9 b\u00e1zlivosti necht\u011bl m\u00edt v okol\u00ed. Ale sv\u011bt, ve kter\u00e9m existovala alespo\u0148 p\u0159edstava draka F\u00e1fnira, byl bohat\u0161\u00ed a kr\u00e1sn\u011bj\u0161\u00ed, bez ohledu na nebezpe\u010d\u00ed.\u201c Kdy\u017e bylo Ronaldovi asi sedm, vytvo\u0159il o drakovi dokonce vlastn\u00ed p\u0159\u00edb\u011bh.<\/p>\n<p><center><img decoding=\"async\" src=\"data\/r1.png\" style=\"border: 0px\"><\/center><br \/>\n<a name=student><\/a><br \/>\n<font size=\"4\">\u017dIVOT &#8211; Studentsk\u00e1 l\u00e9ta<\/font><br \/>\n<a href=\"?page_id=507\/#obsah\"><i>zp\u011bt na obsah<\/i><\/a><\/p>\n<p>Pozd\u011bji byl Ronald posl\u00e1n do pr\u016fmyslov\u00e9ho Birminghamu na \u0161kolu kr\u00e1le Edwarda, a proto bylo nutn\u00e9 <img decoding=\"async\" src=\"data\/student.jpg\" align=\"right\">p\u0159est\u011bhovat se bl\u00ed\u017ee ke spoji do m\u011bsta. Rodina prozat\u00edmn\u011b p\u0159es\u00eddlila do King\u00b4s Heath, do domu u \u017eelezni\u010dn\u00ed trati. Ronald zde sice zoufale tesknil po sareholsk\u00e9m venkov\u011b, ale zato se zde probudila jeho lingvistick\u00e1 p\u0159edstavivost &#8211; na bo\u010dn\u00edch st\u011bn\u00e1ch uheln\u00fdch vag\u00f3n\u016f objevil divn\u00e1, pozoruhodn\u00e1 jm\u00e9na, kter\u00e1 neum\u011bl vyslovit, kter\u00e1 ho v\u0161ak zvl\u00e1\u0161t\u011b p\u0159itahovala &#8211; ve vel\u0161sk\u00fdch jm\u00e9nech jako Nantyglo, Senghenydd, Blaen-Rhonnda, Penrhiwceiber a Tredegar zahl\u00e9dl jin\u00fd, tajemn\u00fd jazykov\u00fd sv\u011bt.<br \/>\nP\u0159ibli\u017en\u011b v dob\u011b, kdy za\u010dal Tolkien chodit do King Edward\u00b4s School, nastala ud\u00e1lost hlubok\u00e9ho v\u00fdznamu; v posledn\u00edm roce 19. stolet\u00ed se matka Mabel rozhodla v protestantsk\u00e9 Anglii p\u0159estoupit na \u0159\u00edmskokatolickou v\u00edru. To zp\u016fsobilo odcizen\u00ed od p\u0159\u00e1tel a odpor u jej\u00edch p\u0159\u00edbuzn\u00fdch, kte\u0159\u00ed byli zaryt\u00ed baptist\u00e9. Ronald z\u00edskal dojem, \u017ee pr\u00e1v\u011b to napomohlo mat\u010din\u011b brzk\u00e9 smrti &#8211; zem\u0159ela roku 1904 na cukrovku, tehdy nevyl\u00e9\u010ditelnou chorobu, a zanechala po seb\u011b dva nezaji\u0161t\u011bn\u00e9 sirotky. Mat\u010dina smrt je\u0161t\u011b pos\u00edlila Ronald\u016fv vztah k v\u00ed\u0159e a spolu se sv\u00fdm bratrem z\u016fstali oddan\u00fdmi katol\u00edky a\u017e do konce sv\u00e9ho \u017eivota. S\u00e1m o tom napsal: \u201eM\u00e1 drah\u00e1 matka byla opravdov\u00e1 mu\u010dednice, a ne ka\u017ed\u00e9mu B\u016fh dop\u0159eje tak snadnou cestu ke sv\u00fdm velk\u00fdm dar\u016fm jako Hilarymu a mn\u011b, kdy\u017e n\u00e1m dal matku, kter\u00e1 se upracovala a usou\u017eila k smrti, jen aby zajistila, \u017ee zachov\u00e1me v\u00edru.\u201c<br \/>\nV t\u00e9to t\u011b\u017ek\u00e9 chv\u00edli si vzal chlapce do p\u00e9\u010de katolick\u00fd kn\u011bz otec Francis, mat\u010din p\u0159\u00edtel, kter\u00fd u\u017e za jej\u00edho \u017eivota poskytoval rodin\u011b d\u016fle\u017eit\u00fd zdroj duchovn\u00ed s\u00edly a \u00fat\u011bchy. Jeho kostel, jm\u00e9nem Orato\u0159, byl pro chlapce \u010dast\u00fdm \u00fato\u010di\u0161t\u011bm pot\u00e9, co byli nuceni se uch\u00fdlit do domu sv\u00e9 nesympatick\u00e9 tety Beatrice Suffieldov\u00e9, kde bydleli \u010dty\u0159i roky. Pozd\u011bji byli ubytov\u00e1ni u pan\u00ed Faulknerov\u00e9.<br \/>\nV t\u00e9 dob\u011b ji\u017e Ronald projevoval v\u00fdrazn\u00e9 lingvistick\u00e9 nad\u00e1n\u00ed. Rychle se u\u010dil latinu a \u0159e\u010dtinu, kter\u00e9 byly v t\u00e9 dob\u011b z\u00e1kladem vzd\u011bl\u00e1n\u00ed, a zvl\u00e1dl tak\u00e9 v\u00edce ne\u017e jen z\u00e1klady n\u011bkolika dal\u0161\u00edch jazyk\u016f, jak modern\u00edch tak starov\u011bk\u00fdch, p\u0159edev\u0161\u00edm g\u00f3tsk\u00fdch, ale t\u00e9\u017e fin\u0161tinu. Tehdy tak\u00e9 objevil starou angli\u010dtinu, kter\u00e1 jej velmi okouzlila. P\u0159ipadala mu d\u016fv\u011brn\u011b zn\u00e1m\u00e1, nebo\u0165 v n\u00ed pozn\u00e1val p\u0159edch\u016fdce sv\u00e9ho vlastn\u00edho jazyka a p\u0159ipom\u00ednala mu midlandsk\u00e9 n\u00e1\u0159e\u010d\u00ed milovan\u00e9ho Sarehole, ale z\u00e1rove\u0148 byla vzd\u00e1len\u00e1 a z\u00e1hadn\u00e1. S nad\u0161en\u00edm pro\u010d\u00edtal star\u00e9 anglick\u00e9 pam\u00e1tky, jako nap\u0159\u00edklad epos Beowulf. Za\u010dal se je\u0161t\u011b v\u00edce zaj\u00edmat o jazyky, sna\u017eil se jim porozum\u011bt a zjistit, pro\u010d jsou t\u00edm, \u010d\u00edm jsou, nal\u00e9zt \u201ekosti&#8220;, ze kter\u00fdch se v\u0161echny jazyky skl\u00e1daj\u00ed. A odsud byl u\u017e jen kr\u016f\u010dek k vynal\u00e9z\u00e1n\u00ed jazyk\u016f vlastn\u00edch. Tolkien v\u011bnoval dost \u010dasu vytv\u00e1\u0159en\u00ed nov\u00fdch jazyk\u016f \u010dist\u011b jen pro vlastn\u00ed z\u00e1bavu, pro okouzlen\u00ed ze zvuku slov a z jejich uspo\u0159\u00e1d\u00e1n\u00ed.<br \/>\nVe \u0161kole kr\u00e1le Edwarda si Ronald na\u0161el mnoho dobr\u00fdch p\u0159\u00e1tel; v pozd\u011bj\u0161\u00edch letech se pravideln\u011b sch\u00e1zeli po \u0161kole jako \u010c.K.B.S (\u010cajov\u00fd klub, Barroviansk\u00e1 spole\u010dnost, pojmenovan\u00fd podle jejich shroma\u017edi\u0161t\u011b v Barrow Stores). Tolkien na\u0161el velk\u00e9 zal\u00edben\u00ed v mu\u017esk\u00e9 spole\u010dnosti debatuj\u00edc\u00ed u krbu; a\u017e do konce \u017eivota to byla jedna z jeho nejobl\u00edben\u011bj\u0161\u00edch \u010dinnost\u00ed. D\u016fle\u017eitost p\u0159\u00e1telstv\u00ed mezi mu\u017ei (\u010di hobity) je jedn\u00edm z v\u00fdznamn\u00fdch motiv\u016f Tolkienova d\u00edla. \u010clenov\u00e9 klubu pokra\u010dovali v p\u0159\u00e1telsk\u00e9 korespondenci a vym\u011b\u0148ovali si a kritizovali navz\u00e1jem sv\u00e1 liter\u00e1rn\u00ed d\u00edla a\u017e do roku 1916.<br \/>\n<img decoding=\"async\" src=\"data\/tolkien-edith.jpg\" align=\"left\">V t\u00e9 dob\u011b p\u0159i\u0161la zcela \u201enemu\u017esk\u00e1\u201c komplikace. Mezi obyvateli soukrom\u00e9 ubytovny byla i d\u00edvka jm\u00e9nem Edith Brattov\u00e1. Kdy\u017e bylo Ronaldovi 16 a j\u00ed 19, vyvstalo mezi nimi p\u0159\u00e1telstv\u00ed, kter\u00e9 se postupn\u011b prohlubovalo v l\u00e1sku. Pozd\u011bji v\u0161ak zas\u00e1hl jeho poru\u010dn\u00edk otec Morgan a zak\u00e1zal Ronaldovi se s Edith v\u00eddat nebo s n\u00ed dokonce korespondovat, dokud mu nebude 21 let. Zaj\u00edmav\u00e9 je, \u017ee Ronald tento \u201esoudn\u00ed p\u0159\u00edkaz\u201c stoicky splnil. V roce 1911 nastoupil jako student na Exeterskou kolej do Oxfordu (dostal stipendium), kde se op\u011bt <img decoding=\"async\" src=\"data\/oxford.jpg\" align=\"right\">dostal do mu\u017esk\u00e9 spole\u010dnosti a pono\u0159il se do studia klasik\u016f, staroangli\u010dtiny, germ\u00e1nsk\u00fdch jazyk\u016f (zvl\u00e1\u0161t\u011b g\u00f3t\u0161tiny), vel\u0161tiny a fin\u0161tiny. Ve studiu klasick\u00e9 filologie nedosahoval v\u00fdsledk\u016f, kter\u00e9 by ho uspokojovaly, a tak p\u0159e\u0161el na vhodn\u011bj\u0161\u00ed obor bli\u017e\u0161\u00ed anglick\u00e9mu jazyku a literatu\u0159e. Nad\u0161en\u011b objevoval d\u00edla seversk\u00e9 mytologie, byl okouzlen zvl\u00e1\u0161tn\u00edmi sv\u011bty finsk\u00e9 s\u00e1gy Kalevaly \u010di islandsk\u00e9 Eddy. Hloub\u011bji se pono\u0159il do studia \u201ekost\u00ed\u201c jazyk\u016f a \u201ehudby slov\u201c, kter\u00e1 ho v\u017edy okouzlovala. Jednou z b\u00e1sn\u00ed, kter\u00e9 objevil b\u011bhem sv\u00e9ho studia star\u0161\u00ed angli\u010dtiny, byl Cynewulf\u016fv Crist &#8211; Tolkien byl ohromen zvl\u00e1\u0161\u0165 tajemn\u00fdm dvojver\u0161\u00edm:<br \/>\n<center><br \/>\nE\u00e1l\u00e1 Earendel engla beorhtast<br \/>\nofer middangeard monnum sended.<br \/>\n&#8212;<br \/>\nBu\u010f zdr\u00e1v, Earendile, nejjasn\u011bj\u0161\u00ed z and\u011bl\u016f<br \/>\nnad St\u0159edozem\u00ed poslan\u00fd lidem.<br \/>\n<\/center><br \/>\n\u201eMiddangeard\u201c byl starov\u011bk\u00fd v\u00fdraz pro sv\u011bt; jeho p\u0159eklad do modern\u00ed angli\u010dtiny &#8211; Middleearth (\u010desky St\u0159edozem) se stal n\u00e1zvem Tolkienovy imagin\u00e1rn\u00ed \u0159\u00ed\u0161e. Toto dvojver\u0161\u00ed inspirovalo Tolkiena k naps\u00e1n\u00ed n\u011bkolika z jeho velmi rann\u00fdch a nesm\u011bl\u00fdch pokus\u016f o pops\u00e1n\u00ed kr\u00e1sy starov\u011bk\u00e9ho sv\u011bta v b\u00e1sn\u00edch. Postava Earendila, jasn\u00e9ho poutn\u00edka po nebes\u00edch, se objevuje i v pozd\u011bj\u0161\u00edm Tolkienov\u011b d\u00edle.<\/p>\n<p><center><a href=\"?page_id=507\"> <<< <\/a><b>=2=<\/b><a href=\"?page_id=512\"> >>> <\/a><\/p>\n<p><img decoding=\"async\" src=\"data\/r1.png\" style=\"border: 0px\"><\/center><\/p>\n","protected":false},"excerpt":{"rendered":"<p>\u017dIVOT &#8211; D\u011btstv\u00ed zp\u011bt na obsah John Ronald Reuel Tolkien se narodil 3. ledna 1892 v Ji\u017en\u00ed Africe ve m\u011bst\u011b Bloemfontein, centru Oran\u017esk\u00e9ho svobodn\u00e9ho st\u00e1tu. Oba rodi\u010de byli sice Angli\u010dan\u00e9, ale svou rodnou zemi opustili, aby za\u010dali nov\u00fd \u017eivot pr\u00e1v\u011b v Africe. V roce 1896 &#8211; tedy kdy\u017e byly Ronaldovi pouh\u00e9 \u010dty\u0159i roky &#8211; vzala [&hellip;]<\/p>\n<div class='the_champ_sharing_container the_champ_vertical_sharing the_champ_hide_sharing the_champ_bottom_sharing' style='width:49px;left: 20px;top: 200px;-webkit-box-shadow:none;box-shadow:none;' data-super-socializer-href=\"http:\/\/tolkien.cz\/index.php?rest_route=%2Fwp%2Fv2%2Fpages%2F522\"><div class=\"the_champ_sharing_ul\"><a style=\"font-size:24px!important;box-shadow:none;display:inline-block!important;font-size: 16px;padding: 0 4px;vertical-align:middle;display:inline;\" class=\"theChampSharingRound\"><span class=\"the_champ_square_count\">&nbsp;<\/span><div style=\"width:45px;height:45px;border-radius:999px;margin-bottom:9px !important;\" title=\"Total Shares\" class=\"theChampSharing theChampTCBackground\"><\/div><\/a><a aria-label=\"Facebook\" class=\"the_champ_facebook\" href=\"https:\/\/www.facebook.com\/sharer\/sharer.php?u=http%3A%2F%2Ftolkien.cz%2Findex.php%3Frest_route%3D%252Fwp%252Fv2%252Fpages%252F522\" title=\"Facebook\" rel=\"nofollow noopener\" target=\"_blank\" style=\"font-size:24px!important;box-shadow:none;display:inline-block;vertical-align:middle\"><span class=\"the_champ_svg\" style=\"background-color:#0765FE;width:45px;height:45px;border-radius:999px;display:inline-block;opacity:1;float:left;font-size:24px;box-shadow:none;display:inline-block;font-size:16px;padding:0 4px;vertical-align:middle;background-repeat:repeat;overflow:hidden;padding:0;cursor:pointer;box-sizing:content-box\"><svg style=\"display:block;border-radius:999px;\" focusable=\"false\" aria-hidden=\"true\" xmlns=\"http:\/\/www.w3.org\/2000\/svg\" width=\"100%\" height=\"100%\" viewBox=\"0 0 32 32\"><path fill=\"#662200\" d=\"M28 16c0-6.627-5.373-12-12-12S4 9.373 4 16c0 5.628 3.875 10.35 9.101 11.647v-7.98h-2.474V16H13.1v-1.58c0-4.085 1.849-5.978 5.859-5.978.76 0 2.072.15 2.608.298v3.325c-.283-.03-.775-.045-1.386-.045-1.967 0-2.728.745-2.728 2.683V16h3.92l-.673 3.667h-3.247v8.245C23.395 27.195 28 22.135 28 16Z\"><\/path><\/svg><span class=\"the_champ_square_count the_champ_facebook_count\">&nbsp;<\/span><\/span><\/a><a aria-label=\"Vkontakte\" class=\"the_champ_button_vkontakte\" href=\"http:\/\/vkontakte.ru\/share.php?&url=http%3A%2F%2Ftolkien.cz%2Findex.php%3Frest_route%3D%252Fwp%252Fv2%252Fpages%252F522\" title=\"Vkontakte\" rel=\"nofollow noopener\" target=\"_blank\" style=\"font-size:24px!important;box-shadow:none;display:inline-block;vertical-align:middle\"><span class=\"the_champ_svg the_champ_s__default the_champ_s_vkontakte\" style=\"background-color:#0077FF;width:45px;height:45px;border-radius:999px;display:inline-block;opacity:1;float:left;font-size:24px;box-shadow:none;display:inline-block;font-size:16px;padding:0 4px;vertical-align:middle;background-repeat:repeat;overflow:hidden;padding:0;cursor:pointer;box-sizing:content-box\"><svg style=\"display:block;border-radius:999px;\" fill=\"none\" height=\"100%\" width=\"100%\" viewBox=\"0.75 6 46 37\" xmlns=\"http:\/\/www.w3.org\/2000\/svg\"><path d=\"M25.54 34.58c-10.94 0-17.18-7.5-17.44-19.98h5.48c.18 9.16 4.22 13.04 7.42 13.84V14.6h5.16v7.9c3.16-.34 6.48-3.94 7.6-7.9h5.16c-.86 4.88-4.46 8.48-7.02 9.96 2.56 1.2 6.66 4.34 8.22 10.02h-5.68c-1.22-3.8-4.26-6.74-8.28-7.14v7.14z\" fill=\"#662200\"><\/path><\/svg><span class=\"the_champ_square_count the_champ_vkontakte_count\">&nbsp;<\/span><\/span><\/a><a aria-label=\"Twitter\" class=\"the_champ_button_twitter\" href=\"https:\/\/twitter.com\/intent\/tweet?text=Spole%C4%8Dnost%20p%C5%99%C3%A1tel%20d%C3%ADla%20pana%20J.R.R.%20Tolkiena%20-%20Str%C3%A1nky%20pro%20v%C5%A1echny%20milovn%C3%ADky%20St%C5%99edozem%C4%9B&url=http%3A%2F%2Ftolkien.cz%2Findex.php%3Frest_route%3D%252Fwp%252Fv2%252Fpages%252F522\" title=\"Twitter\" rel=\"nofollow noopener\" target=\"_blank\" style=\"font-size:24px!important;box-shadow:none;display:inline-block;vertical-align:middle\"><span class=\"the_champ_svg the_champ_s__default the_champ_s_twitter\" style=\"background-color:#55acee;width:45px;height:45px;border-radius:999px;display:inline-block;opacity:1;float:left;font-size:24px;box-shadow:none;display:inline-block;font-size:16px;padding:0 4px;vertical-align:middle;background-repeat:repeat;overflow:hidden;padding:0;cursor:pointer;box-sizing:content-box\"><svg style=\"display:block;border-radius:999px;\" focusable=\"false\" aria-hidden=\"true\" xmlns=\"http:\/\/www.w3.org\/2000\/svg\" width=\"100%\" height=\"100%\" viewBox=\"-4 -4 39 39\"><path d=\"M28 8.557a9.913 9.913 0 0 1-2.828.775 4.93 4.93 0 0 0 2.166-2.725 9.738 9.738 0 0 1-3.13 1.194 4.92 4.92 0 0 0-3.593-1.55 4.924 4.924 0 0 0-4.794 6.049c-4.09-.21-7.72-2.17-10.15-5.15a4.942 4.942 0 0 0-.665 2.477c0 1.71.87 3.214 2.19 4.1a4.968 4.968 0 0 1-2.23-.616v.06c0 2.39 1.7 4.38 3.952 4.83-.414.115-.85.174-1.297.174-.318 0-.626-.03-.928-.086a4.935 4.935 0 0 0 4.6 3.42 9.893 9.893 0 0 1-6.114 2.107c-.398 0-.79-.023-1.175-.068a13.953 13.953 0 0 0 7.55 2.213c9.056 0 14.01-7.507 14.01-14.013 0-.213-.005-.426-.015-.637.96-.695 1.795-1.56 2.455-2.55z\" fill=\"#662200\"><\/path><\/svg><span class=\"the_champ_square_count the_champ_twitter_count\">&nbsp;<\/span><\/span><\/a><a aria-label=\"Pinterest\" class=\"the_champ_button_pinterest\" href=\"http:\/\/tolkien.cz\/index.php?rest_route=%2Fwp%2Fv2%2Fpages%2F522\" onclick=\"event.preventDefault();javascript:void((function(){var e=document.createElement('script');e.setAttribute('type','text\/javascript');e.setAttribute('charset','UTF-8');e.setAttribute('src','\/\/assets.pinterest.com\/js\/pinmarklet.js?r='+Math.random()*99999999);document.body.appendChild(e)})());\" title=\"Pinterest\" rel=\"noopener\" style=\"font-size:24px!important;box-shadow:none;display:inline-block;vertical-align:middle\"><span class=\"the_champ_svg the_champ_s__default the_champ_s_pinterest\" style=\"background-color:#cc2329;width:45px;height:45px;border-radius:999px;display:inline-block;opacity:1;float:left;font-size:24px;box-shadow:none;display:inline-block;font-size:16px;padding:0 4px;vertical-align:middle;background-repeat:repeat;overflow:hidden;padding:0;cursor:pointer;box-sizing:content-box\"><svg style=\"display:block;border-radius:999px;\" focusable=\"false\" aria-hidden=\"true\" xmlns=\"http:\/\/www.w3.org\/2000\/svg\" width=\"100%\" height=\"100%\" viewBox=\"-2 -2 35 35\"><path fill=\"#662200\" d=\"M16.539 4.5c-6.277 0-9.442 4.5-9.442 8.253 0 2.272.86 4.293 2.705 5.046.303.125.574.005.662-.33.061-.231.205-.816.27-1.06.088-.331.053-.447-.191-.736-.532-.627-.873-1.439-.873-2.591 0-3.338 2.498-6.327 6.505-6.327 3.548 0 5.497 2.168 5.497 5.062 0 3.81-1.686 7.025-4.188 7.025-1.382 0-2.416-1.142-2.085-2.545.397-1.674 1.166-3.48 1.166-4.689 0-1.081-.581-1.983-1.782-1.983-1.413 0-2.548 1.462-2.548 3.419 0 1.247.421 2.091.421 2.091l-1.699 7.199c-.505 2.137-.076 4.755-.039 5.019.021.158.223.196.314.077.13-.17 1.813-2.247 2.384-4.324.162-.587.929-3.631.929-3.631.46.876 1.801 1.646 3.227 1.646 4.247 0 7.128-3.871 7.128-9.053.003-3.918-3.317-7.568-8.361-7.568z\"\/><\/svg><span class=\"the_champ_square_count the_champ_pinterest_count\">&nbsp;<\/span><\/span><\/a><a aria-label=\"Tumblr\" class=\"the_champ_button_tumblr\" href=\"https:\/\/www.tumblr.com\/widgets\/share\/tool?posttype=link&canonicalUrl=http%3A%2F%2Ftolkien.cz%2Findex.php%3Frest_route%3D%252Fwp%252Fv2%252Fpages%252F522&title=Spole%C4%8Dnost%20p%C5%99%C3%A1tel%20d%C3%ADla%20pana%20J.R.R.%20Tolkiena%20-%20Str%C3%A1nky%20pro%20v%C5%A1echny%20milovn%C3%ADky%20St%C5%99edozem%C4%9B&caption=\" title=\"Tumblr\" rel=\"nofollow noopener\" target=\"_blank\" style=\"font-size:24px!important;box-shadow:none;display:inline-block;vertical-align:middle\"><span class=\"the_champ_svg athe_champ_s__default the_champ_s_tumblr\" style=\"background-color:#29435d;width:45px;height:45px;border-radius:999px;display:inline-block;opacity:1;float:left;font-size:24px;box-shadow:none;display:inline-block;font-size:16px;padding:0 4px;vertical-align:middle;background-repeat:repeat;overflow:hidden;padding:0;cursor:pointer;box-sizing:content-box\"><svg style=\"display:block;border-radius:999px;\" focusable=\"false\" aria-hidden=\"true\" xmlns=\"http:\/\/www.w3.org\/2000\/svg\" width=\"100%\" height=\"100%\" viewBox=\"-2 -2 36 36\"><path fill=\"#662200\" d=\"M20.775 21.962c-.37.177-1.08.33-1.61.345-1.598.043-1.907-1.122-1.92-1.968v-6.217h4.007V11.1H17.26V6.02h-2.925s-.132.044-.144.15c-.17 1.556-.895 4.287-3.923 5.378v2.578h2.02v6.522c0 2.232 1.647 5.404 5.994 5.33 1.467-.025 3.096-.64 3.456-1.17l-.96-2.846z\"\/><\/svg><span class=\"the_champ_square_count the_champ_tumblr_count\">&nbsp;<\/span><\/span><\/a><a class=\"the_champ_more\" title=\"More\" rel=\"nofollow noopener\" style=\"font-size:24px!important;border:0;box-shadow:none;display:inline-block!important;font-size:16px;padding:0 4px;vertical-align: middle;display:inline;\" href=\"http:\/\/tolkien.cz\/index.php?rest_route=%2Fwp%2Fv2%2Fpages%2F522\" onclick=\"event.preventDefault()\"><span class=\"the_champ_square_count\">&nbsp;<\/span><span class=\"the_champ_svg\" style=\"background-color:#ee8e2d;width:45px;height:45px;border-radius:999px;display:inline-block!important;opacity:1;float:left;font-size:32px!important;box-shadow:none;display:inline-block;font-size:16px;padding:0 4px;vertical-align:middle;display:inline;background-repeat:repeat;overflow:hidden;padding:0;cursor:pointer;box-sizing:content-box;\" onclick=\"theChampMoreSharingPopup(this, 'http:\/\/tolkien.cz\/index.php?rest_route=%2Fwp%2Fv2%2Fpages%2F522', 'Spole%C4%8Dnost%20p%C5%99%C3%A1tel%20d%C3%ADla%20pana%20J.R.R.%20Tolkiena%20-%20Str%C3%A1nky%20pro%20v%C5%A1echny%20milovn%C3%ADky%20St%C5%99edozem%C4%9B', '' )\"><svg xmlns=\"http:\/\/www.w3.org\/2000\/svg\" xmlns:xlink=\"http:\/\/www.w3.org\/1999\/xlink\" viewBox=\"-.3 0 32 32\" version=\"1.1\" width=\"100%\" height=\"100%\" style=\"display:block;border-radius:999px;\" xml:space=\"preserve\"><g><path fill=\"#662200\" d=\"M18 14V8h-4v6H8v4h6v6h4v-6h6v-4h-6z\" fill-rule=\"evenodd\"><\/path><\/g><\/svg><\/span><\/a><\/div><\/div>","protected":false},"author":1,"featured_media":0,"parent":507,"menu_order":0,"comment_status":"open","ping_status":"closed","template":"","meta":{"footnotes":""},"class_list":["post-522","page","type-page","status-publish","hentry"],"_links":{"self":[{"href":"http:\/\/tolkien.cz\/index.php?rest_route=\/wp\/v2\/pages\/522","targetHints":{"allow":["GET"]}}],"collection":[{"href":"http:\/\/tolkien.cz\/index.php?rest_route=\/wp\/v2\/pages"}],"about":[{"href":"http:\/\/tolkien.cz\/index.php?rest_route=\/wp\/v2\/types\/page"}],"author":[{"embeddable":true,"href":"http:\/\/tolkien.cz\/index.php?rest_route=\/wp\/v2\/users\/1"}],"replies":[{"embeddable":true,"href":"http:\/\/tolkien.cz\/index.php?rest_route=%2Fwp%2Fv2%2Fcomments&post=522"}],"version-history":[{"count":0,"href":"http:\/\/tolkien.cz\/index.php?rest_route=\/wp\/v2\/pages\/522\/revisions"}],"up":[{"embeddable":true,"href":"http:\/\/tolkien.cz\/index.php?rest_route=\/wp\/v2\/pages\/507"}],"wp:attachment":[{"href":"http:\/\/tolkien.cz\/index.php?rest_route=%2Fwp%2Fv2%2Fmedia&parent=522"}],"curies":[{"name":"wp","href":"https:\/\/api.w.org\/{rel}","templated":true}]}}