{"id":23,"date":"2008-12-09T00:18:17","date_gmt":"2008-12-08T23:18:17","guid":{"rendered":"http:\/\/tolkien.clanweb.cz\/?page_id=23"},"modified":"2016-09-15T13:21:23","modified_gmt":"2016-09-15T11:21:23","slug":"stanovy-spolecnosti","status":"publish","type":"page","link":"http:\/\/tolkien.cz\/?page_id=23","title":{"rendered":"Stanovy Spole\u010dnosti"},"content":{"rendered":"<p><center><\/p>\n<h1>Spole\u010dnost p\u0159\u00e1tel d\u00edla pana J. R. R. Tolkiena, z.s.<\/h1>\n<p><em>Stanovy spolku ke dni: 10. 9. 2016.<\/em><\/p>\n<p><\/center><\/p>\n<h2>Hlava I. Z\u00e1kladn\u00ed ustanoven\u00ed<\/h2>\n<ol>\n<li>Pln\u00fd n\u00e1zev spolku zn\u00ed \u201eSpole\u010dnost p\u0159\u00e1tel d\u00edla pana J. R. R. Tolkiena, z.s.\u201c, v t\u011bchto stano-v\u00e1ch d\u00e1le jen jako \u201eSpole\u010dnost.\u201c<\/li>\n<li>S\u00eddlem Spole\u010dnosti je Praha.<\/li>\n<li>Spole\u010dnost je spolkem ve smyslu \u00a7 214 a n\u00e1sleduj\u00edc\u00edch z\u00e1kona 89\/2012 Sb., ob\u010dansk\u00fd z\u00e1kon\u00edk, ve zn\u011bn\u00ed pozd\u011bj\u0161\u00edch p\u0159edpis\u016f. Spole\u010dnost p\u016fsob\u00ed na cel\u00e9m \u00fazem\u00ed \u010cesk\u00e9 republiky.<\/li>\n<li>C\u00edlem Spole\u010dnosti je v\u0161estrann\u011b roz\u0161i\u0159ovat pov\u011bdom\u00ed o tvorb\u011b a odkazu J. R. R. Tolkiena a sdru\u017eovat p\u0159\u00edznivce jeho d\u00edla.<\/li>\n<li>Sv\u00e9 c\u00edle Spole\u010dnost uskute\u010d\u0148uje p\u0159edev\u0161\u00edm vyd\u00e1v\u00e1n\u00edm tiskovin a po\u0159\u00e1d\u00e1n\u00edm setk\u00e1n\u00ed a kulturn\u00edch akc\u00ed pro sv\u00e9 \u010dleny a ve\u0159ejnost.<\/li>\n<li>Pro zabezpe\u010den\u00ed \u010dinnosti spolku jsou z\u0159izov\u00e1ny alespo\u0148 n\u00e1sleduj\u00edc\u00ed org\u00e1ny:\n<ul>a) Sn\u011bm<br \/>\nb) Rada<br \/>\nc) Cenzor<\/ul>\n<\/li>\n<li>Pr\u00e1va a povinnosti jednotliv\u00fdch org\u00e1n\u016f, zp\u016fsob vzniku a z\u00e1niku jejich funkce a pr\u016fb\u011bh jejich jedn\u00e1n\u00ed je upraven d\u00e1le v t\u011bchto stanov\u00e1ch.<\/li>\n<\/ol>\n<h2>Hlava II. \u010clenstv\u00ed<\/h2>\n<ol>\n<li>\u010clenstv\u00ed ve Spole\u010dnosti je troj\u00edho druhu: \u0159\u00e1dn\u00e9, zaslou\u017eil\u00e9 a \u010destn\u00e9.<\/li>\n<li>\u0158\u00e1dn\u00e9 \u010dlenstv\u00ed vznik\u00e1 vypln\u011bn\u00edm p\u0159ihl\u00e1\u0161ky a zaplacen\u00edm ro\u010dn\u00edho \u010dlensk\u00e9ho p\u0159\u00edsp\u011bvku. Zanik\u00e1 vystoupen\u00edm \u010dlena nebo nezaplacen\u00edm \u010dlensk\u00e9ho p\u0159\u00edsp\u011bvku v pr\u016fb\u011bhu roku, za kter\u00fd m\u011bl b\u00fdt tento p\u0159\u00edsp\u011bvek zaplacen. P\u00e1ni z Rady, Cenzor a jeho z\u00e1stupce nejsou po-vinni platit \u010dlensk\u00fd p\u0159\u00edsp\u011bvek a jejich \u010dlenstv\u00ed jeho nezaplacen\u00edm nezanik\u00e1.<\/li>\n<li>Zaslou\u017eil\u00e9 \u010dlenstv\u00ed ud\u011bluje Rada na obdob\u00ed jednoho roku.<\/li>\n<li>\u010cestn\u00e9 \u010dlenstv\u00ed ud\u011bluje Spr\u00e1vce se souhlasem v\u0161ech P\u00e1n\u016f z Rady; \u010destn\u00e9 \u010dlenstv\u00ed je trval\u00e9.<\/li>\n<li>\u010clenov\u00e9 mohou v r\u00e1mci Spole\u010dnosti z\u0159izovat m\u00edstn\u00ed kluby. Spole\u010dnost poskytuje t\u011bmto klub\u016fm p\u0159im\u011b\u0159enou podporu.<\/li>\n<\/ol>\n<h2>Hlava III. Sn\u011bm<\/h2>\n<ol>\n<li>Nejvy\u0161\u0161\u00edm org\u00e1nem Spole\u010dnosti je Sn\u011bm. \u010cleny Sn\u011bmu jsou v\u0161ichni \u010dlenov\u00e9 Spole\u010dnosti. Ka\u017ed\u00fd \u010dlen Spole\u010dnosti m\u00e1 na Sn\u011bmu jeden hlas. Sn\u011bmu p\u0159edsed\u00e1 ten, kdo Sn\u011bm svolal.<\/li>\n<li>Sn\u011bm svol\u00e1v\u00e1 Spr\u00e1vce zp\u016fsobem obvykl\u00fdm, a to nejm\u00e9n\u011b jednou za sedm let.<\/li>\n<li>Na \u017e\u00e1dost Cenzora, alespo\u0148 dvou P\u00e1n\u016f z Rady, nebo 1\/5 v\u0161ech \u0159\u00e1dn\u00fdch \u010dlen\u016f Spole\u010dnosti je Spr\u00e1vce povinen svolat Sn\u011bm kdykoli na nejbli\u017e\u0161\u00ed akci po\u0159\u00e1danou Spole\u010dnost\u00ed nebo p\u0159i jin\u00e9 vhodn\u00e9 p\u0159\u00edle\u017eitosti, nejpozd\u011bji v\u0161ak do \u0161esti m\u011bs\u00edc\u016f. Neu\u010din\u00ed-li tak v p\u0159im\u011b\u0159en\u00e9 lh\u016ft\u011b svol\u00e1 sn\u011bm Cenzor.<\/li>\n<li>Sn\u011bm rozhoduje nadpolovi\u010dn\u00ed v\u011bt\u0161inou p\u0159\u00edtomn\u00fdch \u010dlen\u016f o v\u0161ech ot\u00e1zk\u00e1ch Spole\u010dnosti.<\/li>\n<li>Ve v\u011bci z\u00e1niku Spole\u010dnosti a zm\u011bn Stanov je Sn\u011bm usn\u00e1\u0161en\u00edschopn\u00fd, je-li p\u0159\u00edtomna ale-spo\u0148 jedna p\u011btina v\u0161ech \u0159\u00e1dn\u00fdch \u010dlen\u016f, a rozhoduje dvout\u0159etinovou v\u011bt\u0161inou p\u0159\u00edtomn\u00fdch \u010dlen\u016f.<\/li>\n<\/ol>\n<h2>Hlava IV. Rada<\/h2>\n<ol>\n<li>Rada je statut\u00e1rn\u00edm org\u00e1nem Spole\u010dnosti.<\/li>\n<li>Radu tvo\u0159\u00ed nejm\u00e9n\u011b t\u0159i P\u00e1ni z Rady (d\u00e1le jen \u201eP\u00e1ni\u201c). O po\u010dtu P\u00e1n\u016f a kompetenci jejich \u00fa\u0159ad\u016f rozhoduje Sn\u011bm. Mus\u00ed v\u0161ak b\u00fdt nejm\u00e9n\u011b t\u0159i a mus\u00ed mezi nimi b\u00fdt Spr\u00e1vce a Kanc-l\u00e9\u0159 pokladny. Rad\u011b p\u0159edsed\u00e1 Spr\u00e1vce.<\/li>\n<li>P\u00e1nem m\u016f\u017ee b\u00fdt i d\u00e1ma.<\/li>\n<li>P\u00e1nem m\u016f\u017ee b\u00fdt jen osoba sv\u00e9pr\u00e1vn\u00e1.<\/li>\n<li>Rada rozhoduje o rozpo\u010dtu Spole\u010dnosti a dal\u0161\u00edch z\u00e1le\u017eitostech, kter\u00e9 si sv\u00fdm rozhodnut\u00edm p\u0159\u00edmo vyhrad\u00ed. V ostatn\u00edch z\u00e1le\u017eitostech rozhoduj\u00ed v oblasti jim sv\u011b\u0159en\u00e9 jednotliv\u00ed P\u00e1ni samostatn\u011b.<\/li>\n<li>\u010clenstv\u00ed v Rad\u011b vznik\u00e1 volbou nebo jmenov\u00e1n\u00edm a zanik\u00e1 odstoupen\u00edm nebo odvol\u00e1n\u00edm. Prvn\u00ed P\u00e1ny zvol\u00ed do p\u0159\u00edslu\u0161n\u00fdch \u00fa\u0159ad\u016f Sn\u011bm.<\/li>\n<li>Nov\u00e9ho Spr\u00e1vce jmenuje jeho p\u0159edch\u016fdce se souhlasem v\u0161ech ostatn\u00edch P\u00e1n\u016f. Nestane-li se tak nebo je-li Spr\u00e1vce odvol\u00e1n, p\u0159evezme jeho povinnosti Kancl\u00e9\u0159 pokladny, a to do nejbli\u017e\u0161\u00edho Sn\u011bmu, kter\u00fd zvol\u00ed Spr\u00e1vce nov\u00e9ho. Tento Sn\u011bm mus\u00ed b\u00fdt svol\u00e1n ve lh\u016ft\u00e1ch dle \u010dl\u00e1nku 3 Hlavy III.<\/li>\n<li>Ostatn\u00ed P\u00e1ny jmenuj\u00ed jejich p\u0159edch\u016fdci se souhlasem Spr\u00e1vce. Neu\u010din\u00ed-li tak, nebo v p\u0159\u00ed-pad\u011b jejich odvol\u00e1n\u00ed, jmenov\u00e1n\u00ed provede Spr\u00e1vce se souhlasem ostatn\u00edch P\u00e1n\u016f.<\/li>\n<li>Odvolat Spr\u00e1vce m\u016f\u017ee Cenzor se souhlasem v\u0161ech zb\u00fdvaj\u00edc\u00edch P\u00e1n\u016f, nebo Sn\u011bm, a to dvout\u0159etinovou v\u011bt\u0161inou p\u0159\u00edtomn\u00fdch. Odvol\u00e1n\u00ed Sn\u011bmem se pova\u017euje za neplatn\u00e9, nen\u00ed-li bezprost\u0159edn\u011b zvolen nov\u00fd Spr\u00e1vce.<\/li>\n<li>Ostatn\u00ed P\u00e1ny m\u016f\u017ee odvolat Cenzor se souhlasem Spr\u00e1vce, nebo Sn\u011bm, a to dvout\u0159etino-vou v\u011bt\u0161inou p\u0159\u00edtomn\u00fdch.<\/li>\n<li>Cenzorovo rozhodnut\u00ed o odvol\u00e1n\u00ed kter\u00e9hokoli P\u00e1na m\u016f\u017ee b\u00fdt na n\u00e1vrh odvolan\u00e9ho zru\u0161e-no Sn\u011bmem. Po\u017e\u00e1d\u00e1-li odvolan\u00fd do t\u0159iceti dn\u016f o svol\u00e1n\u00ed Sn\u011bmu, mus\u00ed mu Spr\u00e1vce vyho-v\u011bt a svolat Sn\u011bm v term\u00ednu podle \u010dl\u00e1nku 3 Hlavy III.<\/li>\n<li>V p\u0159\u00edpad\u011b odstoupen\u00ed nebo odvol\u00e1n\u00ed cel\u00e9 Rady zvol\u00ed nov\u00e9 P\u00e1ny Sn\u011bm. Cel\u00e1 Rada m\u016f\u017ee odstoupit pouze na Sn\u011bmu.<\/li>\n<li>O \u010dinnosti Rady a stavu Spole\u010dnosti je Spr\u00e1vce povinen vypracovat nejm\u00e9n\u011b jednou ro\u010d-n\u011b zpr\u00e1vu a zve\u0159ejnit ji obvykl\u00fdm zp\u016fsobem.<\/li>\n<li>P\u00e1ni mohou prop\u016fj\u010dovat sv\u00fdm pomocn\u00edk\u016fm dal\u0161\u00ed \u00da\u0159ady, tito pomocn\u00edci jsou naz\u00fdv\u00e1ni \u00da\u0159edn\u00edky.<\/li>\n<\/ol>\n<h2>Hlava V. Cenzor<\/h2>\n<ol>\n<li>Cenzor je opr\u00e1vn\u011bn kontrolovat \u010dinnost Rady i jednotliv\u00fdch P\u00e1n\u016f a jimi z\u0159\u00edzen\u00fdch \u00da\u0159ad\u016f.<\/li>\n<li>Cenzor mus\u00ed b\u00fdt zv\u00e1n na zased\u00e1n\u00ed Rady, kde m\u00e1 hlas poradn\u00ed.<\/li>\n<li>Cenzor je volen Sn\u011bmem na obdob\u00ed do zased\u00e1n\u00ed dal\u0161\u00edho Sn\u011bmu.<\/li>\n<li>Cenzor informuje Sn\u011bm o sv\u00e9 \u010dinnosti.<\/li>\n<li>Cenzor jmenuje sv\u00e9ho z\u00e1stupce. Ten p\u0159evezme jeho povinnosti v p\u0159\u00edpad\u011b Cenzorova odstoupen\u00ed, nebo nem\u016f\u017ee-li Cenzor nad\u00e1le vykon\u00e1vat sv\u016fj \u00fa\u0159ad &#8211; v takov\u00e9m p\u0159\u00edpad\u011b je Spr\u00e1vce povinen svolat Sn\u011bm ve lh\u016ft\u011b dle Hlavy III. \u010dl\u00e1nku 3.<\/li>\n<li>\u00da\u0159ad Cenzora a jeho z\u00e1stupce je neslu\u010diteln\u00fd se v\u0161emi ostatn\u00edmi \u00fa\u0159ady.<\/li>\n<\/ol>\n","protected":false},"excerpt":{"rendered":"<p>Spole\u010dnost p\u0159\u00e1tel d\u00edla pana J. R. R. Tolkiena, z.s. Stanovy spolku ke dni: 10. 9. 2016. Hlava I. Z\u00e1kladn\u00ed ustanoven\u00ed Pln\u00fd n\u00e1zev spolku zn\u00ed \u201eSpole\u010dnost p\u0159\u00e1tel d\u00edla pana J. R. R. Tolkiena, z.s.\u201c, v t\u011bchto stano-v\u00e1ch d\u00e1le jen jako \u201eSpole\u010dnost.\u201c S\u00eddlem Spole\u010dnosti je Praha. Spole\u010dnost je spolkem ve smyslu \u00a7 214 a n\u00e1sleduj\u00edc\u00edch z\u00e1kona 89\/2012 [&hellip;]<\/p>\n<div class='the_champ_sharing_container the_champ_vertical_sharing the_champ_hide_sharing the_champ_bottom_sharing' style='width:49px;left: 20px;top: 200px;-webkit-box-shadow:none;box-shadow:none;' data-super-socializer-href=\"http:\/\/tolkien.cz\/index.php?rest_route=%2Fwp%2Fv2%2Fpages%2F23\"><div class=\"the_champ_sharing_ul\"><a style=\"font-size:24px!important;box-shadow:none;display:inline-block!important;font-size: 16px;padding: 0 4px;vertical-align:middle;display:inline;\" class=\"theChampSharingRound\"><span class=\"the_champ_square_count\">&nbsp;<\/span><div style=\"width:45px;height:45px;border-radius:999px;margin-bottom:9px !important;\" title=\"Total Shares\" class=\"theChampSharing theChampTCBackground\"><\/div><\/a><a aria-label=\"Facebook\" class=\"the_champ_facebook\" href=\"https:\/\/www.facebook.com\/sharer\/sharer.php?u=http%3A%2F%2Ftolkien.cz%2Findex.php%3Frest_route%3D%252Fwp%252Fv2%252Fpages%252F23\" title=\"Facebook\" rel=\"nofollow noopener\" target=\"_blank\" style=\"font-size:24px!important;box-shadow:none;display:inline-block;vertical-align:middle\"><span class=\"the_champ_svg\" style=\"background-color:#0765FE;width:45px;height:45px;border-radius:999px;display:inline-block;opacity:1;float:left;font-size:24px;box-shadow:none;display:inline-block;font-size:16px;padding:0 4px;vertical-align:middle;background-repeat:repeat;overflow:hidden;padding:0;cursor:pointer;box-sizing:content-box\"><svg style=\"display:block;border-radius:999px;\" focusable=\"false\" aria-hidden=\"true\" xmlns=\"http:\/\/www.w3.org\/2000\/svg\" width=\"100%\" height=\"100%\" viewBox=\"0 0 32 32\"><path fill=\"#662200\" d=\"M28 16c0-6.627-5.373-12-12-12S4 9.373 4 16c0 5.628 3.875 10.35 9.101 11.647v-7.98h-2.474V16H13.1v-1.58c0-4.085 1.849-5.978 5.859-5.978.76 0 2.072.15 2.608.298v3.325c-.283-.03-.775-.045-1.386-.045-1.967 0-2.728.745-2.728 2.683V16h3.92l-.673 3.667h-3.247v8.245C23.395 27.195 28 22.135 28 16Z\"><\/path><\/svg><span class=\"the_champ_square_count the_champ_facebook_count\">&nbsp;<\/span><\/span><\/a><a aria-label=\"Vkontakte\" class=\"the_champ_button_vkontakte\" href=\"http:\/\/vkontakte.ru\/share.php?&url=http%3A%2F%2Ftolkien.cz%2Findex.php%3Frest_route%3D%252Fwp%252Fv2%252Fpages%252F23\" title=\"Vkontakte\" rel=\"nofollow noopener\" target=\"_blank\" style=\"font-size:24px!important;box-shadow:none;display:inline-block;vertical-align:middle\"><span class=\"the_champ_svg the_champ_s__default the_champ_s_vkontakte\" style=\"background-color:#0077FF;width:45px;height:45px;border-radius:999px;display:inline-block;opacity:1;float:left;font-size:24px;box-shadow:none;display:inline-block;font-size:16px;padding:0 4px;vertical-align:middle;background-repeat:repeat;overflow:hidden;padding:0;cursor:pointer;box-sizing:content-box\"><svg style=\"display:block;border-radius:999px;\" fill=\"none\" height=\"100%\" width=\"100%\" viewBox=\"0.75 6 46 37\" xmlns=\"http:\/\/www.w3.org\/2000\/svg\"><path d=\"M25.54 34.58c-10.94 0-17.18-7.5-17.44-19.98h5.48c.18 9.16 4.22 13.04 7.42 13.84V14.6h5.16v7.9c3.16-.34 6.48-3.94 7.6-7.9h5.16c-.86 4.88-4.46 8.48-7.02 9.96 2.56 1.2 6.66 4.34 8.22 10.02h-5.68c-1.22-3.8-4.26-6.74-8.28-7.14v7.14z\" fill=\"#662200\"><\/path><\/svg><span class=\"the_champ_square_count the_champ_vkontakte_count\">&nbsp;<\/span><\/span><\/a><a aria-label=\"Twitter\" class=\"the_champ_button_twitter\" href=\"https:\/\/twitter.com\/intent\/tweet?text=Spole%C4%8Dnost%20p%C5%99%C3%A1tel%20d%C3%ADla%20pana%20J.R.R.%20Tolkiena%20-%20Str%C3%A1nky%20pro%20v%C5%A1echny%20milovn%C3%ADky%20St%C5%99edozem%C4%9B&url=http%3A%2F%2Ftolkien.cz%2Findex.php%3Frest_route%3D%252Fwp%252Fv2%252Fpages%252F23\" title=\"Twitter\" rel=\"nofollow noopener\" target=\"_blank\" style=\"font-size:24px!important;box-shadow:none;display:inline-block;vertical-align:middle\"><span class=\"the_champ_svg the_champ_s__default the_champ_s_twitter\" style=\"background-color:#55acee;width:45px;height:45px;border-radius:999px;display:inline-block;opacity:1;float:left;font-size:24px;box-shadow:none;display:inline-block;font-size:16px;padding:0 4px;vertical-align:middle;background-repeat:repeat;overflow:hidden;padding:0;cursor:pointer;box-sizing:content-box\"><svg style=\"display:block;border-radius:999px;\" focusable=\"false\" aria-hidden=\"true\" xmlns=\"http:\/\/www.w3.org\/2000\/svg\" width=\"100%\" height=\"100%\" viewBox=\"-4 -4 39 39\"><path d=\"M28 8.557a9.913 9.913 0 0 1-2.828.775 4.93 4.93 0 0 0 2.166-2.725 9.738 9.738 0 0 1-3.13 1.194 4.92 4.92 0 0 0-3.593-1.55 4.924 4.924 0 0 0-4.794 6.049c-4.09-.21-7.72-2.17-10.15-5.15a4.942 4.942 0 0 0-.665 2.477c0 1.71.87 3.214 2.19 4.1a4.968 4.968 0 0 1-2.23-.616v.06c0 2.39 1.7 4.38 3.952 4.83-.414.115-.85.174-1.297.174-.318 0-.626-.03-.928-.086a4.935 4.935 0 0 0 4.6 3.42 9.893 9.893 0 0 1-6.114 2.107c-.398 0-.79-.023-1.175-.068a13.953 13.953 0 0 0 7.55 2.213c9.056 0 14.01-7.507 14.01-14.013 0-.213-.005-.426-.015-.637.96-.695 1.795-1.56 2.455-2.55z\" fill=\"#662200\"><\/path><\/svg><span class=\"the_champ_square_count the_champ_twitter_count\">&nbsp;<\/span><\/span><\/a><a aria-label=\"Pinterest\" class=\"the_champ_button_pinterest\" href=\"http:\/\/tolkien.cz\/index.php?rest_route=%2Fwp%2Fv2%2Fpages%2F23\" onclick=\"event.preventDefault();javascript:void((function(){var e=document.createElement('script');e.setAttribute('type','text\/javascript');e.setAttribute('charset','UTF-8');e.setAttribute('src','\/\/assets.pinterest.com\/js\/pinmarklet.js?r='+Math.random()*99999999);document.body.appendChild(e)})());\" title=\"Pinterest\" rel=\"noopener\" style=\"font-size:24px!important;box-shadow:none;display:inline-block;vertical-align:middle\"><span class=\"the_champ_svg the_champ_s__default the_champ_s_pinterest\" style=\"background-color:#cc2329;width:45px;height:45px;border-radius:999px;display:inline-block;opacity:1;float:left;font-size:24px;box-shadow:none;display:inline-block;font-size:16px;padding:0 4px;vertical-align:middle;background-repeat:repeat;overflow:hidden;padding:0;cursor:pointer;box-sizing:content-box\"><svg style=\"display:block;border-radius:999px;\" focusable=\"false\" aria-hidden=\"true\" xmlns=\"http:\/\/www.w3.org\/2000\/svg\" width=\"100%\" height=\"100%\" viewBox=\"-2 -2 35 35\"><path fill=\"#662200\" d=\"M16.539 4.5c-6.277 0-9.442 4.5-9.442 8.253 0 2.272.86 4.293 2.705 5.046.303.125.574.005.662-.33.061-.231.205-.816.27-1.06.088-.331.053-.447-.191-.736-.532-.627-.873-1.439-.873-2.591 0-3.338 2.498-6.327 6.505-6.327 3.548 0 5.497 2.168 5.497 5.062 0 3.81-1.686 7.025-4.188 7.025-1.382 0-2.416-1.142-2.085-2.545.397-1.674 1.166-3.48 1.166-4.689 0-1.081-.581-1.983-1.782-1.983-1.413 0-2.548 1.462-2.548 3.419 0 1.247.421 2.091.421 2.091l-1.699 7.199c-.505 2.137-.076 4.755-.039 5.019.021.158.223.196.314.077.13-.17 1.813-2.247 2.384-4.324.162-.587.929-3.631.929-3.631.46.876 1.801 1.646 3.227 1.646 4.247 0 7.128-3.871 7.128-9.053.003-3.918-3.317-7.568-8.361-7.568z\"\/><\/svg><span class=\"the_champ_square_count the_champ_pinterest_count\">&nbsp;<\/span><\/span><\/a><a aria-label=\"Tumblr\" class=\"the_champ_button_tumblr\" href=\"https:\/\/www.tumblr.com\/widgets\/share\/tool?posttype=link&canonicalUrl=http%3A%2F%2Ftolkien.cz%2Findex.php%3Frest_route%3D%252Fwp%252Fv2%252Fpages%252F23&title=Spole%C4%8Dnost%20p%C5%99%C3%A1tel%20d%C3%ADla%20pana%20J.R.R.%20Tolkiena%20-%20Str%C3%A1nky%20pro%20v%C5%A1echny%20milovn%C3%ADky%20St%C5%99edozem%C4%9B&caption=\" title=\"Tumblr\" rel=\"nofollow noopener\" target=\"_blank\" style=\"font-size:24px!important;box-shadow:none;display:inline-block;vertical-align:middle\"><span class=\"the_champ_svg athe_champ_s__default the_champ_s_tumblr\" style=\"background-color:#29435d;width:45px;height:45px;border-radius:999px;display:inline-block;opacity:1;float:left;font-size:24px;box-shadow:none;display:inline-block;font-size:16px;padding:0 4px;vertical-align:middle;background-repeat:repeat;overflow:hidden;padding:0;cursor:pointer;box-sizing:content-box\"><svg style=\"display:block;border-radius:999px;\" focusable=\"false\" aria-hidden=\"true\" xmlns=\"http:\/\/www.w3.org\/2000\/svg\" width=\"100%\" height=\"100%\" viewBox=\"-2 -2 36 36\"><path fill=\"#662200\" d=\"M20.775 21.962c-.37.177-1.08.33-1.61.345-1.598.043-1.907-1.122-1.92-1.968v-6.217h4.007V11.1H17.26V6.02h-2.925s-.132.044-.144.15c-.17 1.556-.895 4.287-3.923 5.378v2.578h2.02v6.522c0 2.232 1.647 5.404 5.994 5.33 1.467-.025 3.096-.64 3.456-1.17l-.96-2.846z\"\/><\/svg><span class=\"the_champ_square_count the_champ_tumblr_count\">&nbsp;<\/span><\/span><\/a><a class=\"the_champ_more\" title=\"More\" rel=\"nofollow noopener\" style=\"font-size:24px!important;border:0;box-shadow:none;display:inline-block!important;font-size:16px;padding:0 4px;vertical-align: middle;display:inline;\" href=\"http:\/\/tolkien.cz\/index.php?rest_route=%2Fwp%2Fv2%2Fpages%2F23\" onclick=\"event.preventDefault()\"><span class=\"the_champ_square_count\">&nbsp;<\/span><span class=\"the_champ_svg\" style=\"background-color:#ee8e2d;width:45px;height:45px;border-radius:999px;display:inline-block!important;opacity:1;float:left;font-size:32px!important;box-shadow:none;display:inline-block;font-size:16px;padding:0 4px;vertical-align:middle;display:inline;background-repeat:repeat;overflow:hidden;padding:0;cursor:pointer;box-sizing:content-box;\" onclick=\"theChampMoreSharingPopup(this, 'http:\/\/tolkien.cz\/index.php?rest_route=%2Fwp%2Fv2%2Fpages%2F23', 'Spole%C4%8Dnost%20p%C5%99%C3%A1tel%20d%C3%ADla%20pana%20J.R.R.%20Tolkiena%20-%20Str%C3%A1nky%20pro%20v%C5%A1echny%20milovn%C3%ADky%20St%C5%99edozem%C4%9B', '' )\"><svg xmlns=\"http:\/\/www.w3.org\/2000\/svg\" xmlns:xlink=\"http:\/\/www.w3.org\/1999\/xlink\" viewBox=\"-.3 0 32 32\" version=\"1.1\" width=\"100%\" height=\"100%\" style=\"display:block;border-radius:999px;\" xml:space=\"preserve\"><g><path fill=\"#662200\" d=\"M18 14V8h-4v6H8v4h6v6h4v-6h6v-4h-6z\" fill-rule=\"evenodd\"><\/path><\/g><\/svg><\/span><\/a><\/div><\/div>","protected":false},"author":1,"featured_media":0,"parent":2057,"menu_order":3,"comment_status":"closed","ping_status":"open","template":"","meta":{"footnotes":""},"class_list":["post-23","page","type-page","status-publish","hentry"],"_links":{"self":[{"href":"http:\/\/tolkien.cz\/index.php?rest_route=\/wp\/v2\/pages\/23","targetHints":{"allow":["GET"]}}],"collection":[{"href":"http:\/\/tolkien.cz\/index.php?rest_route=\/wp\/v2\/pages"}],"about":[{"href":"http:\/\/tolkien.cz\/index.php?rest_route=\/wp\/v2\/types\/page"}],"author":[{"embeddable":true,"href":"http:\/\/tolkien.cz\/index.php?rest_route=\/wp\/v2\/users\/1"}],"replies":[{"embeddable":true,"href":"http:\/\/tolkien.cz\/index.php?rest_route=%2Fwp%2Fv2%2Fcomments&post=23"}],"version-history":[{"count":0,"href":"http:\/\/tolkien.cz\/index.php?rest_route=\/wp\/v2\/pages\/23\/revisions"}],"up":[{"embeddable":true,"href":"http:\/\/tolkien.cz\/index.php?rest_route=\/wp\/v2\/pages\/2057"}],"wp:attachment":[{"href":"http:\/\/tolkien.cz\/index.php?rest_route=%2Fwp%2Fv2%2Fmedia&parent=23"}],"curies":[{"name":"wp","href":"https:\/\/api.w.org\/{rel}","templated":true}]}}